d by 16.
13
Let s = 119 - -23. Let u = s - 120. Calculate the remainder when u is divided by 18.
4
Let u = -20868 - -21394. Calculate the remainder when u is divided by 57.
13
Let r = 3981 - 3822. Suppose -3*w - 5*v + 115 = 0, 0*w - v + 79 = 2*w. What is the remainder when r is divided by w?
39
Calculate the remainder when 4*(-85)/20*-3 is divided by 46.
5
Let z be 6/(-9)*14064/32. Let i = -162 - z. Calculate the remainder when i is divided by 33.
32
Let w(i) = -10 - 18*i**2 - 5*i**2 + 13*i**2 - 4*i + 16*i. Let g be w(5). Calculate the remainder when 48 is divided by (-1*4/5)/(16/g).
8
Let q(t) = t**3 + 8*t**2 + 8*t + 7. Let y be q(-7). Suppose y = 6*g - g - 1000. Suppose 0 = -9*r + 583 + g. What is the remainder when r is divided by 30?
27
Let i(r) = -r**2 + 86*r - 1465. Let c(a) = -a. Let q be c(6). Let t = 48 + q. What is the remainder when t is divided by i(24)?
19
Let p(s) = 2*s - 18. Let h(d) = -7*d - 7. Let f be h(-1). Let m be (-75)/(-100)*(f + 20). What is the remainder when 21 is divided by p(m)?
9
Suppose 0 = 27*b - 92 - 158 - 290. What is the remainder when 3296 is divided by b?
16
Suppose -4*r + 33 = -r. What is the remainder when (-2318)/(-61) - (-6)/2 is divided by r?
8
Let i(o) = 51 + 46*o - 19*o - 26*o. What is the remainder when 163 is divided by i(-10)?
40
Let v(i) = -5*i**3 + 7*i**2 + 19*i - 19. Let u be v(6). Let p = 1077 + u. Calculate the remainder when p is divided by 23.
22
Let y = 1943 + -1709. Calculate the remainder when y is divided by 14.
10
Let p = -247 + 249. What is the remainder when 68 is divided by 10 - 6/1 - (-44)/p?
16
Let l(y) = -2*y**2 - 81*y - 115. Let q be l(-39). Suppose -14*c + 39 = -10*c + 5*x, q*c - 24 = 2*x. What is the remainder when 40 is divided by c?
7
Suppose -g - 2342 - 838 = -13*g. Calculate the remainder when g is divided by 124.
17
Suppose -6*p + 0*p = -18. Suppose -4*h + 3*z + 26 = 0, 2*z = -p*z + 10. Calculate the remainder when 55 is divided by h.
7
Suppose -251*p + 26988 = -6467 + 2331. What is the remainder when 490 is divided by p?
118
Suppose 0 = 3*x + 5*s - 370, x + 9*s - 4*s = 120. What is the remainder when 2385 is divided by x?
10
Suppose y - 4041 = 4*v, -6*v = -47 + 11. What is the remainder when y is divided by 226?
223
Suppose -2*c + 45 + 79 = 0. Suppose 11*g + 34 = 144. Suppose -4*k - g = -c. What is the remainder when 50 is divided by k?
11
Suppose 0 = 4*l - 8, l + 4*l - 13 = -3*k. Suppose 0 = s + 4*w - 5, 5*s + 3*w - 6 = 19. Calculate the remainder when (-1)/((0 + k)/(-13)) is divided by s.
3
Calculate the remainder when 687 is divided by -14 - 455/52*-4.
15
Suppose -4*t - 276 + 308 = 0. Suppose 0 = -t*j + j + 406. What is the remainder when j is divided by 31?
27
Let v(r) = 2*r**2 + 177*r - 229. Let a(m) = 7*m**2 + 2*m - 2. Calculate the remainder when v(-90) is divided by a(-2).
19
Suppose -4*d + 4 = -0. Let o be (21 + d)*(-9 + 11). Suppose -226 = -7*n - o. What is the remainder when n is divided by 6?
2
Suppose 18*w = -8*w - 18*w + 1804. Calculate the remainder when 331 is divided by w.
3
Let w(q) = -q**3 + q**2 - 2*q + 22. Calculate the remainder when 4289 is divided by w(0).
21
Let l be (-74)/(-2)*(0 - 1). Let p = -13 - l. Calculate the remainder when p is divided by 17.
7
Let m = -11355 + 11452. Calculate the remainder when m is divided by 95.
2
Suppose 0 = 8*c - 7734 + 1014. Suppose c = -3*g + 13*g. What is the remainder when g is divided by 26?
6
Let j(b) = 4*b**2 - 37*b + 153. What is the remainder when j(25) is divided by 342?
18
Let m(o) = 120*o. Let d be m(1). Let i = d + 4. Let k = -60 + i. Calculate the remainder when k is divided by 22.
20
Suppose 0 = -f - 3*f + 4*v + 604, -5*f - 4*v + 728 = 0. Let o(g) = 78*g**2 - f*g**2 + 1 + 6*g + 74*g**2. What is the remainder when 131 is divided by o(-3)?
17
Let u = -22 + 57. Let k(z) = 3*z + 34. Let f be k(-12). Calculate the remainder when u is divided by (-30)/f*93/155.
8
What is the remainder when 104 is divided by (-2)/(-2)*1*30/((-120)/(-124))?
11
Let s = 81 - 76. Suppose 2*u - 5*c = 32, 3*u = -s*c + 80 - 7. What is the remainder when (166/(-8))/(9/(-36)) is divided by u?
20
Suppose 0 = -5*j - 2*m + 1912, -m - 5688 = -15*j + m. Calculate the remainder when j is divided by 69.
35
Let r be 4 + (-4 - 6*-4). Suppose 0 = 4*g + 13 - 45. Let b = r + g. What is the remainder when b is divided by 17?
15
Suppose -14*m = 1062 + 1850. Let h = m - -230. Calculate the remainder when 29 is divided by h.
7
Let u be ((-6)/4)/(10/(-360)). Suppose 0 = 17*s - 16*s + 4*k + 38, -4*s = k + 182. Let n = u + s. Calculate the remainder when 33 is divided by n.
1
Let d be 60/3*(1 + 0). Let j = -5 + d. Suppose 5976 = -14*b + 127*b - 2160. What is the remainder when b is divided by j?
12
Let s = -26 - -24. Let y be (-1081)/46 + s/4. Let t = -9 - y. What is the remainder when 88 is divided by t?
13
Suppose 45 = -4*p - 44*a + 41*a, -2*p + a = 15. What is the remainder when -54*(135/18 + p) is divided by 4/10 + 136/10?
11
Let o = -561 + 567. Let w(q) = -2*q + 17. Let s(t) = 5*t - 35. Let f(k) = 3*s(k) + 7*w(k). Calculate the remainder when o is divided by f(-12).
0
Let d be (1/(-1) - -1) + 2. Suppose d = 3*m - 2*m. Suppose -44 = -m*y - 10. Calculate the remainder when 31 is divided by y.
14
Let l(f) = f**3 + 4*f**2 - 15*f - 15. Let n be l(-6). Suppose 0 = n*v + 2 - 14. Let t = 29 + v. Calculate the remainder when t is divided by 7.
5
Let m = 5663 - -2086. Calculate the remainder when m is divided by 2581.
6
Let h be (1*-1)/1*0. Suppose -5*u - 32 = -2*b, -b = 406*u - 408*u - 14. Suppose h = b*g - 51 - 87. Calculate the remainder when 51 is divided by g.
5
Let w = -118 - -124. Suppose 0*z = w*z - 24. Suppose -387 = -z*y + 337. What is the remainder when y is divided by 47?
40
Suppose 4*w - 7*x - 2674 = -6*x, -3*w - 3*x + 1998 = 0. Let v = w + -652. Suppose -6*j = -2*j - 244. What is the remainder when j is divided by v?
13
Suppose 0 = 3*k - 4*k + 2*m + 223, 0 = 4*k + 5*m - 918. Calculate the remainder when k is divided by 12.
11
Let g(s) = 2*s + 4*s + 4*s - 6*s - 41. What is the remainder when 91 is divided by g(16)?
22
Let s(x) = x**3 - 29*x**2 - 63*x + 14. What is the remainder when s(32) is divided by 36?
26
Let p(u) = u**3 + 11*u**2 + 13*u + 19. Calculate the remainder when 510 is divided by p(-9).
62
Let i be ((-18)/(-8))/((-111)/(-148)). Calculate the remainder when 24/20*(i + 251/3) is divided by 21.
20
Let m(h) = -h**2 - 23*h - 57. Let q be m(-18). What is the remainder when 141 is divided by 14/(-4)*q/77*-22?
9
Suppose 12 = -2*r + 24. Suppose -5*c = -4*v + 31, -3*v + 2*c = r*c. Calculate the remainder when ((-5)/(-3))/(2/6) is divided by v.
1
Suppose -2*c = 4*s - 268, -7*c = -3*c + 2*s - 560. Let n = c - 84. Suppose -2*b - 48 = -n. Calculate the remainder when b is divided by 5.
0
Suppose -931*y + 29294 = -834*y. Calculate the remainder when y is divided by 136.
30
Let m(n) = n**3 + 43*n**2 - 32*n + 893. What is the remainder when 376 is divided by m(-44)?
11
Let w(c) = -11*c**3 + c**2 + c + 4. Let v(o) = 4*o + 26. Suppose -g + 10*g + 63 = 0. Let s be v(g). Calculate the remainder when w(s) is divided by 12.
10
Suppose -q - 2*t + 158 = 0, -t + 126 + 31 = q. Calculate the remainder when 283 is divided by q.
127
Suppose -5*o + t + 50 = 0, 16*t - 13*t = 4*o - 40. What is the remainder when 26 is divided by o?
6
Let j be (-1326)/17 - (1 + 3). Let z = 84 + j. Suppose z*q + q = 78. What is the remainder when 44 is divided by q?
18
Let g(d) = -d**3 - 19*d**2 - d - 6. Let f be g(-19). Suppose 0 = 5*y - f - 142. Suppose n - y - 82 = 0. Calculate the remainder when n is divided by 19.
18
Suppose 2*h - 3 = 5*t, 3*t = -h + 6*h + 2. Calculate the remainder when -2 + 181 + t - (24 - 24) is divided by 30.
28
Suppose 0*x - 5*x + 5 = 0. Suppose -56219*j - 76 = -56223*j. Calculate the remainder when x/(216/(-219) + 1) is divided by j.
16
Let d(m) = m**3 + 123*m**2 - 1051*m - 386. Suppose -6*j = -3*j - 9, -p + 23 = j. Calculate the remainder when p is divided by d(-131).
6
Suppose -5*y = -4*i + 283, -92 - 141 = 4*y - i. Let f = y + 109. Calculate the remainder when f is divided by 26.
24
Let w = -146 + 149. Suppose -a - w*l + 38 = -2*l, -86 = -3*a + 4*l. What is the remainder when a is divided by 17?
0
Let t be (-4)/6 + 64/24. Suppose -t*j + 82 = i - 